1 + 5 + (-24 - (26 + -33)).
-13
8 + (35 - (54 + -7) - (8 + 0))
-12
1 + (12 + -7 - -9) + -14
1
What is 9 + 1 - -6 - 4?
12
3 - (12 - 3 - 10) - 17
-13
Evaluate 5 + (10 - (13 - -25)) + 13.
-10
Calculate (-63 - -91) + (-50 - 7).
-29
Evaluate (-4 - 16) + -56 + 60.
-16
What is (-3 - 4 - -3) + 9 + 2 + -19?
-12
What is (-1 - (3 - (-2 + 6))) + (-42 - -44)?
2
What is 2 + 24 + -3 + 24 + -14 + -19?
14
What is the value of 8 + -8 + (-4 - -7) + 7?
10
What is the value of (-26 + 18 - -2 - 22) + 17?
-11
Calculate (1 - 13) + (-16 - (-52 - -7)).
17
Calculate (26 + -3 - 54) + 44.
13
What is the value of -9 + 10 + (-31 - -13 - -3)?
-14
What is the value of (-7 + -4 - -10) + -6?
-7
(-21 - -4 - -14) + (1 - (0 + 3))
-5
What is the value of -1 + (-19 - -21) - (-9 + 1)?
9
What is the value of 5 + (14 - (29 + -14) - -23)?
27
Evaluate 14 - ((67 - 32) + -22).
1
Calculate 0 + (0 - -22) + 0 - (471 - 463).
14
What is the value of (4 - -8) + (15 - 10) + -14?
3
Calculate 18 + (-42 - -17) + -2 + 1.
-8
Evaluate (-22 + 14 + 0 - 3) + -1 + -4.
-16
Evaluate -29 - (17 - 35 - 18).
7
What is the value of -41 - (2 + -6 + -18)?
-19
Calculate (-26 - -30) + 2 + -4.
2
Calculate 10 - (-30 - -43) - 22.
-25
What is the value of 12 + -15 + -12 + 9?
-6
-14 - -21 - -6 - -5
18
What is (0 - (-1 + 4)) + (4 - 20) + 29?
10
What is (2 - (3 + -9 - -2)) + -17?
-11
Calculate 9 + (2 - (9 - (15 - 12))).
5
What is -25 - (-26 - (6 - 20))?
-13
(-3 + 1 - 4 - (10 - 11)) + -9
-14
1 + -21 - ((10 - 6 - -2) + -10)
-16
What is the value of -4 + (-11 + 4 - 5 - (1 + 0))?
-17
What is (11 - 26) + (30 - 3)?
12
Calculate -1 - (-3 - -10 - (4 - 5)).
-9
Calculate (-8 + -1 - -2 - (-34 + 23)) + -8.
-4
What is the value of 0 - ((2 - 8) + (1 - (-14 - -4)))?
-5
(3 - 2) + -9 - (15 - 20 - -5)
-8
(8 - -1) + (-14 - -2)
-3
Calculate 37 + (20 + -12 - 14).
31
Calculate (-1 + -15 - (100 - 105)) + -12.
-23
Evaluate (2 - (-2 + 0 + -10)) + (72 - 74).
12
Evaluate 26 - 8 - (-25 - -43).
0
What is (40 + -20 - 2) + -25?
-7
What is (21 - 0) + 32 + -32 + -5 + -2?
14
21 + (12 - 19) + -10
4
Evaluate (-7 - (-5 + -7)) + -5 + -5 + 4.
-1
-9 + (9 - 0) + 1
1
-54 + (0 - (-37 + 10))
-27
What is -36 - (8 - 18 - 9 - -16)?
-33
What is 4 + -5 + 1 + 3 - 18?
-15
What is (13 + -24 - 10) + 2?
-19
(8 + -11 - -5) + -18
-16
Evaluate 17 + 43 - 33 - 12.
15
Calculate -38 + (-24 - (-19 - 19)).
-24
What is the value of 9 + -7 + (3 - (-2 + 4) - -3)?
6
What is the value of 15 + (1 + -12 - 7)?
-3
Evaluate (7 - 14) + 2 + 2.
-3
Calculate (-24 - (-3 - 0)) + 12.
-9
What is the value of -5 + -3 + -26 + (11 - 3)?
-26
Evaluate (10 - ((15 - 3) + -5 - 4)) + -13.
-6
Evaluate (-3 - -15) + (-2 - 28) + 37.
19
3 + (8 - 7) + -1
3
Calculate -7 - (9 - (4 + 2) - 0).
-10
Calculate -14 + (18 - 5) + -1.
-2
What is -17 + 12 + 8 + 4?
7
10 + -10 + 1 + (21 - 1) + -8
13
Calculate -4 + 3 - -9 - 2.
6
What is (15 - 5) + -15 + 0?
-5
What is -42 + (12 - 5) + -3 - -18?
-20
164 - 180 - (-2 - -17)
-31
10 - 1 - (-5 + 19 + -2 - 7)
4
What is the value of 5 + -3 - (5 - (-8 - -18)) - 14?
-7
Calculate -1 + (-2 - (7 + -9)) + 11.
10
Evaluate -3 + -8 + 2 + 1 + 15 + -12.
-5
-3 + 6 + (8 - 10) - 0
1
What is the value of 3 + (39 - 4) - 6?
32
Evaluate 28 + 7 - 29 - (-6 + 2).
10
What is the value of -9 + 1 + 10 + -13?
-11
Calculate 9 - (7 - (-7 - -1 - 3)).
-7
What is 6 - ((-3 - -9) + -15 + 17)?
-2
What is 23 - (8 + 0) - 0?
15
Evaluate 6 - (7 + (5 - 29 - (11 - 20))).
14
Calculate (-9 - (1 + 7)) + 8 - -3.
-6
What is the value of -4 + -10 - -13 - (7 - 5 - 3)?
0
Calculate (-5 - -1) + (4 + -5 + -10 - -15).
0
-18 + 5 - -47 - 27
7
Calculate (32 - 6) + 21 + -27 + -4.
16
Evaluate -1 + -2 + (-31 - -19) + 7 + -11.
-19
Evaluate 1 + 8 - (-334 - -336).
7
Evaluate (-5 + 0 + 9 - 6) + 9 + 14.
21
-376 + 402 + (-17 - 1)
8
-7 + (1 - 0 - 0) + -3 + -5
-14
2 - ((19 - (23 - -1)) + (-18 - -1))
24
What is the value of (17 + -20 - -9) + -19?
-13
Evaluate (5 - (-3 + 6 + 5)) + 23 - 7.
13
Evaluate -4 - (-6 - 3) - (-18 - -28).
-5
Calculate (16 - 1) + -9 + 0 - 8.
-2
Evaluate -8 + 9 + 8 + -15 - -24.
18
What is the value of 11 + -28 + 6 + (1 - 2)?
-12
Calculate (-3 - 25) + 728 + -672.
28
What is 15 + (-9 + (-13 - -29) - 11)?
11
Evaluate -8 + -3 + 28 + -20 + 5.
2
What is 35 + (38 - 46) + 0 + 2?
29
Evaluate 1 + 8 + 308 + -320 + 13 + -1.
9
What is the value of -21 + (1 - -4) + 2 + 5 + -2?
-11
Calculate 33 - ((-9 - -4) + 0 + 16).
22
What is the value of 9 + 73 + -70 + (-28 - 1)?
-17
What is -5 - (2 + 7 + 6) - -7?
-13
Calculate (2 - (-2 - -3)) + -1 + (-479 - -477).
-2
5 + (-2 - (-7 - (-6 + -9)) - -5)
0
What is 10 - -15 - (-4 - -17)?
12
(-9 - 21) + 11 + (8 - 7) - 9
-27
What is -25 + (-9 - (-13 + 10 + -2))?
-29
What is the value of 1 + 8 + 0 - (18 - -2)?
-11
Calculate 19 - 0 - 4 - (48 - 50).
17
Evaluate (0 - -4) + -4 + 6 + -1 + -23.
-18
(-39 + 46 - (0 - 0 - 2)) + 14
23
Calculate 418 - 418 - (-15 - 1).
16
What is the value of 2 + 14 + (70 - 79) + 2 + 13?
22
Calculate 8 - (-15 + 12 + 6).
5
-7 - (1 + (-2 - -4) + -7) - 1
-4
Evaluate (3 + 10 - 36) + -3 + 4 + -2.
-24
Evaluate 22 + (-25 - 8) + 12 + -1.
0
What is 7 + (-13 - (17 + -22))?
-1
Calculate 1 + 0 + -5 + 14 + -12 + 12.
10
Calculate 11 - (12 + -30 + -1 + 10 + 2).
18
Evaluate -10 + 6 + -11 + 7 - -3.
-5
What is (-16 - 1) + 15 - (-4 - 2 - 0)?
4
(-5 - 14 - 2) + (10 - 5 - -1)
-15
(14 - 7) + 6 + -5
8
Evaluate 8 - ((2 - 7) + 11 + 1).
1
Evaluate (-16 - -2 - -20 - 10) + 10.
6
What is -6 + -21 + 16 + 12 + 0 + 3?
4
What is the value of -373 + 383 + 1 + -29?
-18
Calculate 6 + (1 - (-8 - (-6 - -7)) - 8).
8
5 + 7 - (-14 + 34)
-8
What is 1 + -1 + -14 + 20 - 8 - 5?
-7
Calculate (0 - (5 - (-10 + 7))) + 30.
22
(3 - (-26 - -11)) + -32
-14
Calculate 1 + 29 - (-33 - (-34 - (3 + -11))).
37
Evaluate (-8 - 1 - (76 - 96)) + -6.
5
What is the value of 672 + -679 - (0 - -7)?
-14
What is 0 + 6 + (-22 + -13 - -36)?
7
Calculate -1 + 3 + (-260 - -266).
8
What is the value of 5 + -22 + -36 + 29?
-24
-5 + 4 - -9 - 2 - (-5 + -16)
27
Calculate -13 - (1 + -1 + -16).
3
Evaluate 15 + 21 + 4 + -32.
8
Evaluate 26 + 34 + -63 + -22.
-25
-2 - (-2 - 0) - (-266 + 262)
4
What is -2 - (0 - 8) - 2?
4
Calculate -8 + (-12 - -29) - 4.
5
Calculate 23 + -17 + -24 + (-3 - -26).
5
What is the value of (10 - -4) + -3 + (14 - -1)?
26
Calculate 9 + -6 + (8 - 0) + 9.
20
What is (-26 - (-21 + -5)) + 3?
3
8 - (-3 - 1) - -6 - 4
14
2 + (2 - -1) - (-1211 - -1180)
36
Evaluate -4 + 16 + -17 - -26.
21
14 + (-21 - -33 - -4)
30
0 + -4 + 14 + -14 + 13
9
Evaluate -1322 - -1306 - (-1 + -4).
-11
Evaluate -15 + -1 - ((99 - 84) + -8 + 0).
-23
What is (15 - (9 + 7)) + -9?
-10
Evaluate -34 + 4 + 5 - -14.
-11
Evaluate 0 - (-7 + 8 + -7 + 2) - 17.
-13
What is the value of (-1 - 12) + (2 - 4 - -1) + 4?
-10
Calculate 1 - (2 - -14 - 23).
8
What is (1 - 1 - 2 - (201 - 204)) + 7?
8
(-2 - 5) + (5 - (-12 + 11))
-1
What is the value of (1 - (-11 + 14)) + (-5 - -16)?
9
(1 + -8 - -5) + -28 + 9
-21
Evaluate -6 - (3 + -4 - (-18 - -7) - 3).
-13
What is the value of -18 + (10 - (1 + -5)) + -7?
-11
(15 + -37 + 7 - -2) + 1
-12
What is the value of -4 + -20 - -10 - -30 - -3?
19
Calculate 5 - 14 - (-2 + 2 - (0 - 2)).
-11
Evaluate -5 + (-11 + (-1 - -20) - (-4 + 9)).
-2
Calculate -9 + -1 + (-360 - -368).
-2
Evaluate -11 - (-6 + -7 + -6 + 5).
3
Calculate (0 - (-17 - (-2 + 1))) + (180 - 182).
14
Evaluate -1 + 0 - (7 - (58 - 59)).
-9
Calculate 44 + -54 - (-4 + -3 - -6).
-9
-15 + -4 + 22 - (-2 + 0) - 18
-13
6 + (2 - (47 - 15)) - -4
-20
Calculate -16 - (21 + (-27 - -8)).
-18
What is -19 + (1 + -15 - -5 - 5)?
-33
Evaluate -117 + 111 + 13 + -3.
4
What is -20 + (11 - 4) + -7 + -8?
-28
What is -37 + (31 + -13 - 8)?
-27
Evaluate 12 + -5 - 17 - (7 + -4 + 17).
-30
What is the value of -41 + (-29 - -33) + 43?
6
Calculate (-13 - (-18 + (11 - 25))) + -48.
-29
Calculate -5 - (12 + 5 + (3 - (19 - 5))).
-11
What is the value of -2 - (8 + (-3 - -6) + -5 + -27)?
19
What is the value of 71 - (46 + -5) - (1 + 1)?
28
Calculate -4 - 1 - ((-86 - -104) + (-1 - 14)).
-8
What is 431 + -435 - (-11 - 0) - -18?
25
Calculate -29 + 34 - 0 - -15.
20
Evaluate 7 + -1 + 0 + 24 + -24.
6
What is 5 + 4 - 17 - -30?
22
What is 16 + -10 + -1 + -15 - 5?
-15
What is -19 + 17 + (10 - 0)?
8
3 - (14 + (1 - 2))
-10
What is the value of (3 - (2 + 19)) + 17?
-1
Evaluate -10 + (14 - 11) + 19.
12
What is the value of 3 + -3 - (-7 - -1 - 1)?
7
Evaluate 13 + 1 + 